3 is divided by 894.
825
What is the remainder when 6281 is divided by 698?
697
What is the remainder when 17937 is divided by 65?
62
Calculate the remainder when 7149 is divided by 47.
5
Calculate the remainder when 79626 is divided by 209.
206
What is the remainder when 648 is divided by 32?
8
Calculate the remainder when 15006 is divided by 1667.
3
Calculate the remainder when 9202 is divided by 104.
50
What is the remainder when 1168 is divided by 180?
88
What is the remainder when 8861 is divided by 91?
34
What is the remainder when 2453 is divided by 235?
103
What is the remainder when 43941 is divided by 845?
1
What is the remainder when 249319 is divided by 8904?
7
Calculate the remainder when 5832 is divided by 106.
2
Calculate the remainder when 278781 is divided by 256.
253
What is the remainder when 1497317 is divided by 328?
325
Calculate the remainder when 527 is divided by 331.
196
What is the remainder when 12952 is divided by 82?
78
What is the remainder when 3812 is divided by 330?
182
What is the remainder when 1395 is divided by 1374?
21
What is the remainder when 232469 is divided by 232?
5
What is the remainder when 7830 is divided by 569?
433
Calculate the remainder when 1163 is divided by 571.
21
Calculate the remainder when 1953 is divided by 63.
0
Calculate the remainder when 44002 is divided by 79.
78
Calculate the remainder when 5103 is divided by 40.
23
What is the remainder when 14241 is divided by 4551?
588
Calculate the remainder when 1288 is divided by 52.
40
Calculate the remainder when 3091 is divided by 520.
491
Calculate the remainder when 64676 is divided by 52.
40
Calculate the remainder when 108674 is divided by 9.
8
Calculate the remainder when 30997 is divided by 1152.
1045
What is the remainder when 3492 is divided by 292?
280
What is the remainder when 34289 is divided by 591?
11
Calculate the remainder when 2395808 is divided by 53.
49
Calculate the remainder when 329126 is divided by 329121.
5
What is the remainder when 11050 is divided by 10998?
52
Calculate the remainder when 57065 is divided by 453.
440
Calculate the remainder when 6244 is divided by 199.
75
Calculate the remainder when 709 is divided by 443.
266
Calculate the remainder when 6313 is divided by 2103.
4
Calculate the remainder when 14614 is divided by 25.
14
Calculate the remainder when 5738 is divided by 976.
858
What is the remainder when 8453 is divided by 8155?
298
What is the remainder when 107875 is divided by 53922?
31
Calculate the remainder when 37903 is divided by 7527.
268
What is the remainder when 3333 is divided by 101?
0
Calculate the remainder when 37712 is divided by 286.
246
Calculate the remainder when 110635 is divided by 110630.
5
What is the remainder when 159027 is divided by 15?
12
What is the remainder when 53701 is divided by 14?
11
What is the remainder when 161678 is divided by 107?
1
Calculate the remainder when 7958 is divided by 1131.
41
Calculate the remainder when 22318 is divided by 179.
122
What is the remainder when 1215 is divided by 17?
8
Calculate the remainder when 10472 is divided by 770.
462
Calculate the remainder when 85140 is divided by 7.
6
What is the remainder when 72402 is divided by 1168?
1154
Calculate the remainder when 7248 is divided by 26.
20
Calculate the remainder when 67696 is divided by 11278.
28
What is the remainder when 9443 is divided by 12?
11
Calculate the remainder when 76760 is divided by 27.
26
What is the remainder when 13764 is divided by 6876?
12
Calculate the remainder when 93092 is divided by 277.
20
Calculate the remainder when 1511 is divided by 394.
329
Calculate the remainder when 7294 is divided by 806.
40
Calculate the remainder when 8094 is divided by 8.
6
Calculate the remainder when 779 is divided by 26.
25
What is the remainder when 498232 is divided by 6643?
7
Calculate the remainder when 1645 is divided by 546.
7
Calculate the remainder when 9665 is divided by 7.
5
What is the remainder when 16726 is divided by 6?
4
Calculate the remainder when 21853 is divided by 1089.
73
What is the remainder when 245895 is divided by 6?
3
What is the remainder when 4888 is divided by 973?
23
What is the remainder when 92158 is divided by 1806?
52
Calculate the remainder when 6461 is divided by 291.
59
What is the remainder when 7312 is divided by 429?
19
Calculate the remainder when 4441 is divided by 1105.
21
Calculate the remainder when 106611 is divided by 355.
111
Calculate the remainder when 5256 is divided by 248.
48
What is the remainder when 58185 is divided by 441?
414
Calculate the remainder when 4157 is divided by 93.
65
Calculate the remainder when 8068 is divided by 69.
64
Calculate the remainder when 53962 is divided by 26889.
184
Calculate the remainder when 218653 is divided by 3836.
1
What is the remainder when 48073 is divided by 47?
39
What is the remainder when 4615 is divided by 659?
2
What is the remainder when 2493 is divided by 500?
493
What is the remainder when 1065709 is divided by 172?
169
What is the remainder when 12935 is divided by 32?
7
Calculate the remainder when 794 is divided by 315.
164
Calculate the remainder when 361 is divided by 297.
64
Calculate the remainder when 87036 is divided by 16.
12
Calculate the remainder when 53603 is divided by 520.
43
Calculate the remainder when 198037 is divided by 483.
7
What is the remainder when 138665 is divided by 191?
190
Calculate the remainder when 73670 is divided by 2302.
6
Calculate the remainder when 507 is divided by 103.
95
What is the remainder when 3224 is divided by 101?
93
Calculate the remainder when 21028 is divided by 399.
280
What is the remainder when 3535 is divided by 85?
50
What is the remainder when 69803 is divided by 34881?
41
What is the remainder when 21831 is divided by 17?
3
What is the remainder when 1045633 is divided by 6?
1
Calculate the remainder when 153271 is divided by 46.
45
Calculate the remainder when 35661 is divided by 69.
57
Calculate the remainder when 3951 is divided by 38.
37
Calculate the remainder when 48463 is divided by 37.
30
Calculate the remainder when 30333 is divided by 30329.
4
What is the remainder when 8346 is divided by 1862?
898
What is the remainder when 10981 is divided by 251?
188
What is the remainder when 1238 is divided by 8?
6
What is the remainder when 3515 is divided by 30?
5
What is the remainder when 16698 is divided by 561?
429
Calculate the remainder when 8995 is divided by 6.
1
Calculate the remainder when 6567 is divided by 7.
1
What is the remainder when 7558 is divided by 31?
25
Calculate the remainder when 6940 is divided by 30.
10
Calculate the remainder when 562362 is divided by 18745.
12
What is the remainder when 1172 is divided by 274?
76
Calculate the remainder when 48617 is divided by 1107.
1016
What is the remainder when 63667 is divided by 283?
275
What is the remainder when 13596 is divided by 15?
6
Calculate the remainder when 12053 is divided by 287.
286
Calculate the remainder when 1402 is divided by 77.
16
Calculate the remainder when 556161 is divided by 727.
6
What is the remainder when 525939 is divided by 30?
9
What is the remainder when 5093 is divided by 5053?
40
What is the remainder when 565 is divided by 406?
159
What is the remainder when 11854 is divided by 496?
446
What is the remainder when 3488 is divided by 36?
32
What is the remainder when 2369 is divided by 2364?
5
Calculate the remainder when 457605 is divided by 552.
549
Calculate the remainder when 216900 is divided by 222.
6
What is the remainder when 19449 is divided by 389?
388
Calculate the remainder when 45400 is divided by 239.
229
Calculate the remainder when 18734 is divided by 61.
7
What is the remainder when 11067 is divided by 5461?
145
What is the remainder when 158868 is divided by 40?
28
Calculate the remainder when 9634 is divided by 774.
346
What is the remainder when 25541 is divided by 167?
157
Calculate the remainder when 69491 is divided by 13891.
36
Calculate the remainder when 216 is divided by 55.
51
Calculate the remainder when 24685 is divided by 117.
115
What is the remainder when 31963 is divided by 122?
121
What is the remainder when 15473 is divided by 201?
197
What is the remainder when 521